{"id":30,"date":"2021-03-29T18:55:03","date_gmt":"2021-03-29T18:55:03","guid":{"rendered":"http:\/\/wordpress.reifenundservice.de\/?page_id=30"},"modified":"2025-04-12T19:04:28","modified_gmt":"2025-04-12T17:04:28","slug":"service","status":"publish","type":"page","link":"https:\/\/www.reifenundservice.de\/?page_id=30","title":{"rendered":"Service"},"content":{"rendered":"\n<p>Wir befinden uns mit unserem Reifenlager seit Oktober 2020 in Karlsruhe Palmbach direkt neben der Autobahnausfahrt Karlsbad (A8). <br>Dort bieten wir Ihnen die M\u00f6glichkeit Ihre R\u00e4der fachgerecht einzulagern und bei Bedarf waschen zu lassen. Nat\u00fcrlich k\u00f6nnen Sie bei uns auch neue Reifen aller Marken kaufen.<\/p>\n\n\n\n<p><\/p>\n\n\n\n<p>Folgende Dienstleistungen bieten wir dar\u00fcberhinaus an:<\/p>\n\n\n\n<ul class=\"wp-block-list\">\n<li>Reifen Verkauf<\/li>\n\n\n\n<li>Reifenmontage<\/li>\n\n\n\n<li>RDKS-Service<\/li>\n\n\n\n<li>Reifenlager<\/li>\n\n\n\n<li>T\u00dcV-Durchsicht<\/li>\n\n\n\n<li>T\u00dcV-Vorfahrt<\/li>\n\n\n\n<li>Urlaubscheck<\/li>\n\n\n\n<li>Einlagern von Dachboxen &amp; Fahrradtr\u00e4gern<\/li>\n\n\n\n<li>Radw\u00e4sche<\/li>\n\n\n\n<li>Reifencheck<\/li>\n\n\n\n<li>Kontrolle Ihres Reifendrucks<\/li>\n\n\n\n<li>Reifenreparatur<\/li>\n\n\n\n<li>Reifennotdienst<\/li>\n\n\n\n<li>Notdienst<\/li>\n\n\n\n<li>Altreifenentsorgung<\/li>\n\n\n\n<li>Service f\u00fcr CenterLock (Porsche)<\/li>\n\n\n\n<li>&#8230;sonstige Dienstleistungen rund ums Auto&#8230;<\/li>\n<\/ul>\n\n\n\n<p>Und zu unserem Unternehmen finden Sie folgend noch einige Informationen und Impressionen&#8230;<\/p>\n\n\n\n<p><\/p>\n\n\n\n<figure class=\"wp-block-gallery has-nested-images columns-default is-cropped wp-block-gallery-1 is-layout-flex wp-block-gallery-is-layout-flex\">\n<figure class=\"wp-block-image size-large\"><a href=\"https:\/\/www.reifenundservice.de\/wp-content\/uploads\/2021\/04\/IMG_2584.jpg\"><img loading=\"lazy\" decoding=\"async\" width=\"1024\" height=\"768\" data-id=\"158\" src=\"https:\/\/www.reifenundservice.de\/wp-content\/uploads\/2021\/04\/IMG_2584-1024x768.jpg\" alt=\"\" class=\"wp-image-158\" srcset=\"https:\/\/www.reifenundservice.de\/wp-content\/uploads\/2021\/04\/IMG_2584-1024x768.jpg 1024w, https:\/\/www.reifenundservice.de\/wp-content\/uploads\/2021\/04\/IMG_2584-300x225.jpg 300w, https:\/\/www.reifenundservice.de\/wp-content\/uploads\/2021\/04\/IMG_2584-768x576.jpg 768w, https:\/\/www.reifenundservice.de\/wp-content\/uploads\/2021\/04\/IMG_2584-1536x1152.jpg 1536w, https:\/\/www.reifenundservice.de\/wp-content\/uploads\/2021\/04\/IMG_2584.jpg 2016w\" sizes=\"auto, (max-width: 706px) 89vw, (max-width: 767px) 82vw, 740px\" \/><\/a><figcaption class=\"wp-element-caption\">Altreifenentsorgung<\/figcaption><\/figure>\n\n\n\n<figure class=\"wp-block-image size-large\"><a href=\"https:\/\/www.reifenundservice.de\/wp-content\/uploads\/2021\/04\/IMG_2472-rotated.jpg\"><img loading=\"lazy\" decoding=\"async\" width=\"768\" height=\"1024\" data-id=\"154\" src=\"https:\/\/www.reifenundservice.de\/wp-content\/uploads\/2021\/04\/IMG_2472-768x1024.jpg\" alt=\"\" class=\"wp-image-154\" srcset=\"https:\/\/www.reifenundservice.de\/wp-content\/uploads\/2021\/04\/IMG_2472-768x1024.jpg 768w, https:\/\/www.reifenundservice.de\/wp-content\/uploads\/2021\/04\/IMG_2472-225x300.jpg 225w, https:\/\/www.reifenundservice.de\/wp-content\/uploads\/2021\/04\/IMG_2472-1152x1536.jpg 1152w, https:\/\/www.reifenundservice.de\/wp-content\/uploads\/2021\/04\/IMG_2472-rotated.jpg 1512w\" sizes=\"auto, (max-width: 706px) 89vw, (max-width: 767px) 82vw, 740px\" \/><\/a><\/figure>\n\n\n\n<figure class=\"wp-block-image size-full\"><a href=\"http:\/\/www.reifenundservice.de\/wp-content\/uploads\/2021\/04\/IMG_2571-rotated-e1744477296401.jpg\"><img loading=\"lazy\" decoding=\"async\" width=\"2016\" height=\"1512\" data-id=\"157\" src=\"http:\/\/www.reifenundservice.de\/wp-content\/uploads\/2021\/04\/IMG_2571-rotated-e1744477296401.jpg\" alt=\"\" class=\"wp-image-157\" srcset=\"https:\/\/www.reifenundservice.de\/wp-content\/uploads\/2021\/04\/IMG_2571-rotated-e1744477296401.jpg 2016w, https:\/\/www.reifenundservice.de\/wp-content\/uploads\/2021\/04\/IMG_2571-rotated-e1744477296401-300x225.jpg 300w, https:\/\/www.reifenundservice.de\/wp-content\/uploads\/2021\/04\/IMG_2571-rotated-e1744477296401-1024x768.jpg 1024w, https:\/\/www.reifenundservice.de\/wp-content\/uploads\/2021\/04\/IMG_2571-rotated-e1744477296401-768x576.jpg 768w, https:\/\/www.reifenundservice.de\/wp-content\/uploads\/2021\/04\/IMG_2571-rotated-e1744477296401-1536x1152.jpg 1536w\" sizes=\"auto, (max-width: 706px) 89vw, (max-width: 767px) 82vw, 740px\" \/><\/a><figcaption class=\"wp-element-caption\">R\u00e4derw\u00e4sche<\/figcaption><\/figure>\n\n\n\n<figure class=\"wp-block-image size-large\"><a href=\"https:\/\/www.reifenundservice.de\/wp-content\/uploads\/2021\/04\/IMG_2473.jpg\"><img loading=\"lazy\" decoding=\"async\" width=\"1024\" height=\"768\" data-id=\"155\" src=\"https:\/\/www.reifenundservice.de\/wp-content\/uploads\/2021\/04\/IMG_2473-1024x768.jpg\" alt=\"\" class=\"wp-image-155\" srcset=\"https:\/\/www.reifenundservice.de\/wp-content\/uploads\/2021\/04\/IMG_2473-1024x768.jpg 1024w, https:\/\/www.reifenundservice.de\/wp-content\/uploads\/2021\/04\/IMG_2473-300x225.jpg 300w, https:\/\/www.reifenundservice.de\/wp-content\/uploads\/2021\/04\/IMG_2473-768x576.jpg 768w, https:\/\/www.reifenundservice.de\/wp-content\/uploads\/2021\/04\/IMG_2473-1536x1152.jpg 1536w, https:\/\/www.reifenundservice.de\/wp-content\/uploads\/2021\/04\/IMG_2473.jpg 2016w\" sizes=\"auto, (max-width: 706px) 89vw, (max-width: 767px) 82vw, 740px\" \/><\/a><\/figure>\n\n\n\n<figure class=\"wp-block-image size-large\"><a href=\"https:\/\/www.reifenundservice.de\/wp-content\/uploads\/2021\/04\/IMG_2471.jpg\"><img loading=\"lazy\" decoding=\"async\" width=\"1024\" height=\"768\" data-id=\"153\" src=\"https:\/\/www.reifenundservice.de\/wp-content\/uploads\/2021\/04\/IMG_2471-1024x768.jpg\" alt=\"\" class=\"wp-image-153\" srcset=\"https:\/\/www.reifenundservice.de\/wp-content\/uploads\/2021\/04\/IMG_2471-1024x768.jpg 1024w, https:\/\/www.reifenundservice.de\/wp-content\/uploads\/2021\/04\/IMG_2471-300x225.jpg 300w, https:\/\/www.reifenundservice.de\/wp-content\/uploads\/2021\/04\/IMG_2471-768x576.jpg 768w, https:\/\/www.reifenundservice.de\/wp-content\/uploads\/2021\/04\/IMG_2471-1536x1152.jpg 1536w, https:\/\/www.reifenundservice.de\/wp-content\/uploads\/2021\/04\/IMG_2471.jpg 2016w\" sizes=\"auto, (max-width: 706px) 89vw, (max-width: 767px) 82vw, 740px\" \/><\/a><figcaption class=\"wp-element-caption\">Reifentransporter<\/figcaption><\/figure>\n\n\n\n<figure class=\"wp-block-image size-large\"><a href=\"https:\/\/www.reifenundservice.de\/wp-content\/uploads\/2021\/04\/IMG_2474.jpg\"><img loading=\"lazy\" decoding=\"async\" width=\"1024\" height=\"768\" data-id=\"156\" src=\"https:\/\/www.reifenundservice.de\/wp-content\/uploads\/2021\/04\/IMG_2474-1024x768.jpg\" alt=\"\" class=\"wp-image-156\" srcset=\"https:\/\/www.reifenundservice.de\/wp-content\/uploads\/2021\/04\/IMG_2474-1024x768.jpg 1024w, https:\/\/www.reifenundservice.de\/wp-content\/uploads\/2021\/04\/IMG_2474-300x225.jpg 300w, https:\/\/www.reifenundservice.de\/wp-content\/uploads\/2021\/04\/IMG_2474-768x576.jpg 768w, https:\/\/www.reifenundservice.de\/wp-content\/uploads\/2021\/04\/IMG_2474-1536x1152.jpg 1536w, https:\/\/www.reifenundservice.de\/wp-content\/uploads\/2021\/04\/IMG_2474.jpg 2016w\" sizes=\"auto, (max-width: 706px) 89vw, (max-width: 767px) 82vw, 740px\" \/><\/a><figcaption class=\"wp-element-caption\">R\u00e4dertransporter<\/figcaption><\/figure>\n<\/figure>\n","protected":false},"excerpt":{"rendered":"<p>Wir befinden uns mit unserem Reifenlager seit Oktober 2020 in Karlsruhe Palmbach direkt neben der Autobahnausfahrt Karlsbad (A8). Dort bieten wir Ihnen die M\u00f6glichkeit Ihre R\u00e4der fachgerecht einzulagern und bei Bedarf waschen zu lassen. Nat\u00fcrlich k\u00f6nnen Sie bei uns auch neue Reifen aller Marken kaufen. Folgende Dienstleistungen bieten wir dar\u00fcberhinaus an: Und zu unserem Unternehmen &hellip; <\/p>\n<p class=\"link-more\"><a href=\"https:\/\/www.reifenundservice.de\/?page_id=30\" class=\"more-link\"><span class=\"screen-reader-text\">\u201eService\u201c<\/span> weiterlesen<\/a><\/p>\n","protected":false},"author":1,"featured_media":0,"parent":0,"menu_order":0,"comment_status":"closed","ping_status":"closed","template":"","meta":{"_monsterinsights_skip_tracking":false,"_monsterinsights_sitenote_active":false,"_monsterinsights_sitenote_note":"","_monsterinsights_sitenote_category":0,"footnotes":""},"class_list":["post-30","page","type-page","status-publish","hentry"],"yoast_head":"<!-- This site is optimized with the Yoast SEO plugin v27.1.1 - https:\/\/yoast.com\/product\/yoast-seo-wordpress\/ -->\n<title>Reifen und Service in Karlsruhe Palmbach - Service<\/title>\n<meta name=\"description\" content=\"Unsere Dienstleistungen rund um Reifenwechsel, Verkauf &amp; Einlagern von Reifen, T\u00dcV Durchsicht &amp; Vorfahrt - in 76228 Karlsruhe Palmbach. Service f\u00fcr ihr Auto.\" \/>\n<meta name=\"robots\" content=\"index, follow, max-snippet:-1, max-image-preview:large, max-video-preview:-1\" \/>\n<link rel=\"canonical\" href=\"https:\/\/www.reifenundservice.de\/?page_id=30\" \/>\n<meta property=\"og:locale\" content=\"de_DE\" \/>\n<meta property=\"og:type\" content=\"article\" \/>\n<meta property=\"og:title\" content=\"Reifen und Service in Karlsruhe Palmbach - Service\" \/>\n<meta property=\"og:description\" content=\"Unsere Dienstleistungen rund um Reifenwechsel, Verkauf &amp; Einlagern von Reifen, T\u00dcV Durchsicht &amp; Vorfahrt - in 76228 Karlsruhe Palmbach. Service f\u00fcr ihr Auto.\" \/>\n<meta property=\"og:url\" content=\"https:\/\/www.reifenundservice.de\/?page_id=30\" \/>\n<meta property=\"og:site_name\" content=\"Reifen und Service in Karlsruhe Palmbach\" \/>\n<meta property=\"article:publisher\" content=\"https:\/\/www.facebook.com\/reifenundservice\/\" \/>\n<meta property=\"article:modified_time\" content=\"2025-04-12T17:04:28+00:00\" \/>\n<meta property=\"og:image\" content=\"https:\/\/www.reifenundservice.de\/wp-content\/uploads\/2021\/04\/IMG_2584-1024x768.jpg\" \/>\n<meta name=\"twitter:card\" content=\"summary_large_image\" \/>\n<meta name=\"twitter:label1\" content=\"Gesch\u00e4tzte Lesezeit\" \/>\n\t<meta name=\"twitter:data1\" content=\"2\u00a0Minuten\" \/>\n<script type=\"application\/ld+json\" class=\"yoast-schema-graph\">{\"@context\":\"https:\/\/schema.org\",\"@graph\":[{\"@type\":\"WebPage\",\"@id\":\"https:\/\/www.reifenundservice.de\/?page_id=30\",\"url\":\"https:\/\/www.reifenundservice.de\/?page_id=30\",\"name\":\"Reifen und Service in Karlsruhe Palmbach - Service\",\"isPartOf\":{\"@id\":\"https:\/\/www.reifenundservice.de\/#website\"},\"primaryImageOfPage\":{\"@id\":\"https:\/\/www.reifenundservice.de\/?page_id=30#primaryimage\"},\"image\":{\"@id\":\"https:\/\/www.reifenundservice.de\/?page_id=30#primaryimage\"},\"thumbnailUrl\":\"https:\/\/www.reifenundservice.de\/wp-content\/uploads\/2021\/04\/IMG_2584-1024x768.jpg\",\"datePublished\":\"2021-03-29T18:55:03+00:00\",\"dateModified\":\"2025-04-12T17:04:28+00:00\",\"description\":\"Unsere Dienstleistungen rund um Reifenwechsel, Verkauf & Einlagern von Reifen, T\u00dcV Durchsicht & Vorfahrt - in 76228 Karlsruhe Palmbach. Service f\u00fcr ihr Auto.\",\"breadcrumb\":{\"@id\":\"https:\/\/www.reifenundservice.de\/?page_id=30#breadcrumb\"},\"inLanguage\":\"de\",\"potentialAction\":[{\"@type\":\"ReadAction\",\"target\":[\"https:\/\/www.reifenundservice.de\/?page_id=30\"]}]},{\"@type\":\"ImageObject\",\"inLanguage\":\"de\",\"@id\":\"https:\/\/www.reifenundservice.de\/?page_id=30#primaryimage\",\"url\":\"https:\/\/www.reifenundservice.de\/wp-content\/uploads\/2021\/04\/IMG_2584-1024x768.jpg\",\"contentUrl\":\"https:\/\/www.reifenundservice.de\/wp-content\/uploads\/2021\/04\/IMG_2584-1024x768.jpg\"},{\"@type\":\"BreadcrumbList\",\"@id\":\"https:\/\/www.reifenundservice.de\/?page_id=30#breadcrumb\",\"itemListElement\":[{\"@type\":\"ListItem\",\"position\":1,\"name\":\"Startseite\",\"item\":\"https:\/\/www.reifenundservice.de\/\"},{\"@type\":\"ListItem\",\"position\":2,\"name\":\"Service\"}]},{\"@type\":\"WebSite\",\"@id\":\"https:\/\/www.reifenundservice.de\/#website\",\"url\":\"https:\/\/www.reifenundservice.de\/\",\"name\":\"Reifen und Service in Karlsruhe Palmbach\",\"description\":\"Reifenwechsel, Einlagerung, T\u00dcV-Durchsicht &amp; Vorfahrt in Palmbach 76228 Karlsruhe\",\"publisher\":{\"@id\":\"https:\/\/www.reifenundservice.de\/#organization\"},\"potentialAction\":[{\"@type\":\"SearchAction\",\"target\":{\"@type\":\"EntryPoint\",\"urlTemplate\":\"https:\/\/www.reifenundservice.de\/?s={search_term_string}\"},\"query-input\":{\"@type\":\"PropertyValueSpecification\",\"valueRequired\":true,\"valueName\":\"search_term_string\"}}],\"inLanguage\":\"de\"},{\"@type\":\"Organization\",\"@id\":\"https:\/\/www.reifenundservice.de\/#organization\",\"name\":\"Reifen und Service\",\"url\":\"https:\/\/www.reifenundservice.de\/\",\"logo\":{\"@type\":\"ImageObject\",\"inLanguage\":\"de\",\"@id\":\"https:\/\/www.reifenundservice.de\/#\/schema\/logo\/image\/\",\"url\":\"https:\/\/www.reifenundservice.de\/wp-content\/uploads\/2021\/03\/cropped-header-scaled-1.jpg\",\"contentUrl\":\"https:\/\/www.reifenundservice.de\/wp-content\/uploads\/2021\/03\/cropped-header-scaled-1.jpg\",\"width\":2000,\"height\":1756,\"caption\":\"Reifen und Service\"},\"image\":{\"@id\":\"https:\/\/www.reifenundservice.de\/#\/schema\/logo\/image\/\"},\"sameAs\":[\"https:\/\/www.facebook.com\/reifenundservice\/\"]}]}<\/script>\n<!-- \/ Yoast SEO plugin. -->","yoast_head_json":{"title":"Reifen und Service in Karlsruhe Palmbach - Service","description":"Unsere Dienstleistungen rund um Reifenwechsel, Verkauf & Einlagern von Reifen, T\u00dcV Durchsicht & Vorfahrt - in 76228 Karlsruhe Palmbach. Service f\u00fcr ihr Auto.","robots":{"index":"index","follow":"follow","max-snippet":"max-snippet:-1","max-image-preview":"max-image-preview:large","max-video-preview":"max-video-preview:-1"},"canonical":"https:\/\/www.reifenundservice.de\/?page_id=30","og_locale":"de_DE","og_type":"article","og_title":"Reifen und Service in Karlsruhe Palmbach - Service","og_description":"Unsere Dienstleistungen rund um Reifenwechsel, Verkauf & Einlagern von Reifen, T\u00dcV Durchsicht & Vorfahrt - in 76228 Karlsruhe Palmbach. Service f\u00fcr ihr Auto.","og_url":"https:\/\/www.reifenundservice.de\/?page_id=30","og_site_name":"Reifen und Service in Karlsruhe Palmbach","article_publisher":"https:\/\/www.facebook.com\/reifenundservice\/","article_modified_time":"2025-04-12T17:04:28+00:00","og_image":[{"url":"https:\/\/www.reifenundservice.de\/wp-content\/uploads\/2021\/04\/IMG_2584-1024x768.jpg","type":"","width":"","height":""}],"twitter_card":"summary_large_image","twitter_misc":{"Gesch\u00e4tzte Lesezeit":"2\u00a0Minuten"},"schema":{"@context":"https:\/\/schema.org","@graph":[{"@type":"WebPage","@id":"https:\/\/www.reifenundservice.de\/?page_id=30","url":"https:\/\/www.reifenundservice.de\/?page_id=30","name":"Reifen und Service in Karlsruhe Palmbach - Service","isPartOf":{"@id":"https:\/\/www.reifenundservice.de\/#website"},"primaryImageOfPage":{"@id":"https:\/\/www.reifenundservice.de\/?page_id=30#primaryimage"},"image":{"@id":"https:\/\/www.reifenundservice.de\/?page_id=30#primaryimage"},"thumbnailUrl":"https:\/\/www.reifenundservice.de\/wp-content\/uploads\/2021\/04\/IMG_2584-1024x768.jpg","datePublished":"2021-03-29T18:55:03+00:00","dateModified":"2025-04-12T17:04:28+00:00","description":"Unsere Dienstleistungen rund um Reifenwechsel, Verkauf & Einlagern von Reifen, T\u00dcV Durchsicht & Vorfahrt - in 76228 Karlsruhe Palmbach. Service f\u00fcr ihr Auto.","breadcrumb":{"@id":"https:\/\/www.reifenundservice.de\/?page_id=30#breadcrumb"},"inLanguage":"de","potentialAction":[{"@type":"ReadAction","target":["https:\/\/www.reifenundservice.de\/?page_id=30"]}]},{"@type":"ImageObject","inLanguage":"de","@id":"https:\/\/www.reifenundservice.de\/?page_id=30#primaryimage","url":"https:\/\/www.reifenundservice.de\/wp-content\/uploads\/2021\/04\/IMG_2584-1024x768.jpg","contentUrl":"https:\/\/www.reifenundservice.de\/wp-content\/uploads\/2021\/04\/IMG_2584-1024x768.jpg"},{"@type":"BreadcrumbList","@id":"https:\/\/www.reifenundservice.de\/?page_id=30#breadcrumb","itemListElement":[{"@type":"ListItem","position":1,"name":"Startseite","item":"https:\/\/www.reifenundservice.de\/"},{"@type":"ListItem","position":2,"name":"Service"}]},{"@type":"WebSite","@id":"https:\/\/www.reifenundservice.de\/#website","url":"https:\/\/www.reifenundservice.de\/","name":"Reifen und Service in Karlsruhe Palmbach","description":"Reifenwechsel, Einlagerung, T\u00dcV-Durchsicht &amp; Vorfahrt in Palmbach 76228 Karlsruhe","publisher":{"@id":"https:\/\/www.reifenundservice.de\/#organization"},"potentialAction":[{"@type":"SearchAction","target":{"@type":"EntryPoint","urlTemplate":"https:\/\/www.reifenundservice.de\/?s={search_term_string}"},"query-input":{"@type":"PropertyValueSpecification","valueRequired":true,"valueName":"search_term_string"}}],"inLanguage":"de"},{"@type":"Organization","@id":"https:\/\/www.reifenundservice.de\/#organization","name":"Reifen und Service","url":"https:\/\/www.reifenundservice.de\/","logo":{"@type":"ImageObject","inLanguage":"de","@id":"https:\/\/www.reifenundservice.de\/#\/schema\/logo\/image\/","url":"https:\/\/www.reifenundservice.de\/wp-content\/uploads\/2021\/03\/cropped-header-scaled-1.jpg","contentUrl":"https:\/\/www.reifenundservice.de\/wp-content\/uploads\/2021\/03\/cropped-header-scaled-1.jpg","width":2000,"height":1756,"caption":"Reifen und Service"},"image":{"@id":"https:\/\/www.reifenundservice.de\/#\/schema\/logo\/image\/"},"sameAs":["https:\/\/www.facebook.com\/reifenundservice\/"]}]}},"_links":{"self":[{"href":"https:\/\/www.reifenundservice.de\/index.php?rest_route=\/wp\/v2\/pages\/30","targetHints":{"allow":["GET"]}}],"collection":[{"href":"https:\/\/www.reifenundservice.de\/index.php?rest_route=\/wp\/v2\/pages"}],"about":[{"href":"https:\/\/www.reifenundservice.de\/index.php?rest_route=\/wp\/v2\/types\/page"}],"author":[{"embeddable":true,"href":"https:\/\/www.reifenundservice.de\/index.php?rest_route=\/wp\/v2\/users\/1"}],"replies":[{"embeddable":true,"href":"https:\/\/www.reifenundservice.de\/index.php?rest_route=%2Fwp%2Fv2%2Fcomments&post=30"}],"version-history":[{"count":24,"href":"https:\/\/www.reifenundservice.de\/index.php?rest_route=\/wp\/v2\/pages\/30\/revisions"}],"predecessor-version":[{"id":261,"href":"https:\/\/www.reifenundservice.de\/index.php?rest_route=\/wp\/v2\/pages\/30\/revisions\/261"}],"wp:attachment":[{"href":"https:\/\/www.reifenundservice.de\/index.php?rest_route=%2Fwp%2Fv2%2Fmedia&parent=30"}],"curies":[{"name":"wp","href":"https:\/\/api.w.org\/{rel}","templated":true}]}}